*o - 624 = 672. Calculate the highest common divisor of o and 2.
2
Let p(i) = -7*i - 29. Let q be p(-15). What is the highest common divisor of q and 133?
19
Let w(i) = i + 35. Let v be w(-32). Suppose -v*c = -s - 1710, 0*s - 5*s = c - 570. Calculate the greatest common factor of c and 30.
30
Let u = 2503 - 1993. What is the highest common factor of 1734 and u?
102
Let s = -188 - -424. Suppose 234*m - s*m = -242. Let f(y) = -y**3 + 2*y**2 + 3*y + 1. Let g be f(-2). Calculate the highest common factor of g and m.
11
Suppose z - 5*x - 4 - 17 = 0, -4*z = -4*x - 100. Suppose -4*q - a = -48, 2*q - q = 4*a + 29. What is the highest common factor of z and q?
13
Let d = 165 + 29. Suppose -4*v + d = -214. What is the highest common factor of 68 and v?
34
Let t(p) = -4*p**2 + 15*p + 16. Let s be (-11)/(-2) - (-15)/10. Let k be t(s). Let l = k - -81. What is the greatest common divisor of l and 114?
6
Let k(p) = 4*p**2 - p - 2. Let o = -5 + 3. Let s be k(o). Suppose -64 = -27*x + 25*x. What is the greatest common divisor of x and s?
16
Suppose j + 136 = 4*f, 221 = -4*j - 2*f - 413. Let h = j + 244. Calculate the greatest common factor of 22 and h.
22
Suppose 3*d + 1140 = 9*d. Let s be 25100/110 + (-16)/88. Calculate the highest common divisor of d and s.
38
Suppose -9*d + 5*d + 552 = 4*g, 5*d - 682 = -g. Let u be (-5)/((-20)/64) + 1. Calculate the greatest common divisor of d and u.
17
Let b(h) = 6*h. Let q be b(4). Suppose 220 = 3*g - 0*g + w, -296 = -4*g - 2*w. Suppose 0 = 2*j - g + q. What is the greatest common divisor of 3 and j?
3
Let q = -145 - -198. Let x = 73 - q. Calculate the greatest common factor of x and 100.
20
Let t(m) = m**3 - 8*m**2 + 9*m - 12. Let i be t(7). Suppose 0 = -29*y + i*y + 351. What is the highest common divisor of y and 143?
13
Let g be (189/(-14))/(6/232). Let n be (g/(-145))/(4/10). Suppose 213 = 4*k - 183. Calculate the greatest common divisor of n and k.
9
Let v(c) = 3*c - 46. Let q be v(17). Suppose 3*k + k + 12 = 0, -4*m = q*k - 525. Calculate the highest common divisor of 5 and m.
5
Suppose s - 39 = -4*z, 367*s + 156 = 371*s + 5*z. What is the highest common divisor of s and 169?
13
Let b = -27178 + 27250. Calculate the highest common factor of b and 196.
4
Let v = -12458 - -13313. Suppose 46*i + 95 = 47*i. Calculate the greatest common divisor of i and v.
95
Let b = -464 + 480. What is the highest common divisor of 4128 and b?
16
Suppose 5*l - 2*z = 2028, -3*l - 5*z + 1192 = -0*z. Let y = -300 + l. Calculate the greatest common factor of y and 26.
26
Let m(w) = 406*w - 654. Let y be m(4). Calculate the highest common divisor of y and 4462.
194
Let h be (-8*11/264)/(1/(-1767)). Calculate the greatest common factor of h and 1333.
31
Let c(w) = -18*w - 255. Let l be c(-15). What is the highest common factor of 965 and l?
5
Suppose -46*c - 34*c + 1432 = -2408. Let s(t) = t**3 + 10*t**2 + 8*t. Let m be s(-6). What is the greatest common divisor of c and m?
48
Let l(z) = 19*z + 12*z**2 - 18*z**2 + z**3 + 21 + 19*z**2. Let o be l(-9). Let f = o + -138. What is the highest common divisor of 84 and f?
12
Let b(d) = -d**2 + d + 23. Let y be b(-14). Let p = y - -201. What is the greatest common factor of p and 3?
1
Let x be 40 - ((-57)/(-27) - (-3)/(-27)). Calculate the highest common divisor of x and 532.
38
Suppose 4548 = 101*k + 3. What is the greatest common divisor of k and 2493?
9
Suppose -2*z + 25 = -3*k, 6*z - 15 = 2*z - k. Suppose -2*d - z + 35 = 0. Suppose 0 = -2*f + 3*f - d. Calculate the greatest common divisor of f and 15.
15
Let m = 134 + -121. Let l(c) = 6*c + 19. Let x be l(12). What is the highest common factor of x and m?
13
Let d = 736 - 432. Let h be (3120/25)/8 - 4/(-10). What is the highest common divisor of h and d?
16
Let t be 912/((-60)/8 - -6). Let k = -95 - t. Calculate the highest common divisor of k and 81.
27
Suppose 5*k + 5*l - 100 = 0, 5*l - 17 = 8. Suppose -3*h = 8*u - 737 - 1060, -5*u = -h + 645. Calculate the greatest common factor of k and h.
15
Suppose y = 4 - 0. Let k be (3 - 2) + (y - 3). Suppose 4*w + 5*a - k*a - 159 = 0, -5*w = -4*a - 222. Calculate the highest common divisor of 105 and w.
21
Suppose -5*y + 41 = j, 5*j - y - 40 - 35 = 0. Let a(i) = i**2 - i + 13. Let s be a(5). Let d = 35 - s. What is the highest common divisor of j and d?
2
Let o(r) = -r + 1. Let i be o(-21). Suppose -7*z - 230 + 769 = 0. What is the highest common divisor of z and i?
11
Let p be ((-890)/50 - -19)*160/12. Let a(n) = n**2 - n - 1. Let s be a(0). Let f be (s + -3)/(4/(-64)). What is the greatest common factor of f and p?
16
Let a(j) = j**2 - 17*j + 10. Let c be a(16). Let z be (c - -2) + (0 - -22) - -1. What is the highest common divisor of z and 209?
19
Suppose 8*k = 14*k - 30. Suppose t + 2*n + 40 - 180 = 0, k*t - 665 = -3*n. What is the greatest common factor of t and 50?
10
Suppose -10*w = 3*w - 273. Let l = 432 - 96. Calculate the highest common divisor of w and l.
21
Let i(m) = m**2 - 15*m + 674. Let h be i(34). What is the greatest common divisor of h and 1080?
120
Suppose -3*a = -s + 87, 8*s - 6*s - 158 = -2*a. What is the greatest common divisor of 2 and s?
1
Let m(f) = -4*f + 12. Let a be m(2). Suppose 4*y - 15*c - 28 = -13*c, 0 = a*y - c - 24. What is the highest common divisor of 35 and y?
5
Suppose -51 = 5*g - 5*m - 4606, -3*g - 2*m + 2753 = 0. Calculate the highest common divisor of g and 255.
15
Let m(y) = 4*y**2 + 3*y - 15. Let r be m(4). Suppose 2*o - 35 = r. Suppose 12*g - o = 8*g. Calculate the greatest common factor of g and 36.
12
Suppose -2*z = -156*y + 152*y - 878, 2*z - y - 887 = 0. What is the greatest common divisor of z and 1691?
89
Let q(v) = v**2 + 40*v - 1692. Let c be q(-66). Calculate the highest common factor of 4458 and c.
6
Suppose -14*i - 114 = 5*i. Let g be (-244)/(-10) + i*(-2)/(-30). Calculate the greatest common divisor of g and 108.
12
Let u(l) be the first derivative of l**4/4 - 7*l**3 + 23*l**2/2 - 39*l - 28. Let t be u(20). Calculate the greatest common divisor of t and 14.
7
Let z(t) = -t**3 - 19*t**2 - 31*t - 7. Let x be z(-20). Let n = x + -817. Calculate the highest common divisor of 4 and n.
4
Suppose 11*d + 3128 = 54*d - 484. Calculate the greatest common factor of 636 and d.
12
Suppose 65*a + 66 = -59*a + 130*a. Calculate the greatest common factor of a and 803.
11
Let m = 31 - 94. Let i be m + 15/5 - -2. Let n = -49 - i. What is the highest common factor of 45 and n?
9
Suppose -119*k + 364 = -126*k. Let d = k + 75. Calculate the greatest common factor of d and 621.
23
Suppose 0 = -26*n - 374 + 426. Suppose -c + 150 = 2*c. What is the highest common factor of c and n?
2
Let o = -5216 - -5248. What is the highest common factor of o and 2488?
8
Let s be (-8 - -7)*((-10)/(-2) - 340). Let n = 811 - s. What is the greatest common divisor of 102 and n?
34
Let o = -258 - -274. Let l be 114/9 + 4/(-6). What is the highest common factor of o and l?
4
Suppose 81*o - 463033 = 9359. Calculate the greatest common factor of o and 12.
12
Let p be (-7)/(7/5)*(-44)/(-10). Let m = 28 + p. Suppose -2*x = -m*x + 12. What is the highest common divisor of 18 and x?
3
Let s = -29026 - -33697. Calculate the highest common factor of s and 3.
3
Suppose 138 = 153*l - 96*l - 26652. Calculate the highest common divisor of 180 and l.
10
Suppose -5*v = 580 - 1515. Let j be (-132)/(-300)*(0 + 25). What is the greatest common factor of j and v?
11
Let g = 224 + -220. Let l be ((-10)/g)/5 + (-108)/(-8). Calculate the greatest common factor of l and 273.
13
Let j(u) = 29*u**2 - 5*u. Let g be j(1). Suppose 4*z = -g*z + 672. Suppose 4*w + w = 40. Calculate the highest common divisor of w and z.
8
Let m(w) = -15*w**3 - 3*w**2 - 4*w + 6. Let a be m(-3). Let p be ((-10)/(-6))/(44/a). Calculate the greatest common factor of p and 24.
3
Let b(m) = -4 + 11 - 222*m - 268*m. Let p be b(-3). Suppose p = 4*l - c, -939 = -3*l - 5*c + 163. Calculate the greatest common divisor of l and 41.
41
Let u(g) = -88*g + 157. Let x be u(-2). Calculate the highest common factor of 37 and x.
37
Suppose -5*o + 1208 = -2*s, -4*o + 341*s - 336*s + 980 = 0. What is the highest common divisor of 4650 and o?
30
Let g = -59 - -64. Suppose -203 - 41 = 2*j + 2*q, -3*q + 642 = -g*j. Let k be (j/15)/(-6)*145. Calculate 